{"id":385,"date":"2024-01-07T10:59:07","date_gmt":"2024-01-07T08:59:07","guid":{"rendered":"https:\/\/srva.info\/opentour25\/?page_id=385"},"modified":"2025-04-19T11:20:01","modified_gmt":"2025-04-19T09:20:01","slug":"tableau-officiel","status":"publish","type":"page","link":"https:\/\/srva.info\/opentour25\/tableau-officiel\/","title":{"rendered":"Tableau Officiel"},"content":{"rendered":"\n\n\n\n<p style=\"text-align: left;\">Retrouvez ici l&rsquo;ensemble des documents de course de l&rsquo;\u00c9tape 3 de l&rsquo;Open Tour 2024-2025 \u00e0 Annecy. Cette page fait office de tableau officiel de la r\u00e9gate, veuillez la consulter aussi souvent que possible. Nous vous conseillons aussi de rejoindre le canal officiel par messagerie WhatsApp :&nbsp;<\/p><p style=\"text-align: left;\"><a href=\"https:\/\/chat.whatsapp.com\/FtZkvyno6mMDlybL3lfEFb\" target=\"_blank\" rel=\"noopener\"><em style=\"color: #0047b2;\"><u><span style=\"color: #0066cc;\">https:\/\/chat.whatsapp.com\/FtZkvyno6mMDlybL3lfEFb<\/span><\/u><\/em><\/a><\/p>\n\n\n\n\n\r\n<h3>Documents de course<\/h3>\r\n\n\n<u style=\"color: rgb(0, 102, 204);\">Avis de course<\/u>\n<u style=\"color: rgb(0, 102, 204);\">Instructions de course<\/u>\n<u style=\"color: rgb(0, 102, 204);\">Avenant N\u00b01<\/u>\n<u style=\"color: rgb(0, 102, 204);\">Avenant N\u00b02<\/u>\n\n\n\n\n\n\r\n<h3>Comit\u00e9 Technique<\/h3>\r\n\n\n<u style=\"color: rgb(0, 102, 204);\">D\u00e9claration de jauge<\/u>\n\n\n\n\n\n<h3>Autres documents<\/h3>\n\n<u style=\"color: rgb(0, 102, 204);\">Autorisation parentale<\/u>\n<u style=\"color: rgb(0, 102, 204);\">Navigation sur le Lac d&rsquo;Annecy<\/u>\n<u style=\"color: rgb(0, 102, 204);\">Livret Coureur<\/u>\n\n\n\n\n\n\r\n<h3>Jury<\/h3>\r\n\n\n<iframe loading=\"lazy\" title=\"Jury D\u00e9cision\" src=\"https:\/\/jurydecisions.ffvoile.fr\/events\/Open%20Skiff%20Tour%202025\" \n frameborder=\"0\" scrolling=\"YES\"  width=\"100%\" height=\"600\"><\/iframe>\n\n\n\n","protected":false},"excerpt":{"rendered":"","protected":false},"author":1,"featured_media":0,"parent":0,"menu_order":0,"comment_status":"closed","ping_status":"closed","template":"","meta":{"pagelayer_contact_templates":[],"_pagelayer_content":"","footnotes":""},"class_list":["post-385","page","type-page","status-publish","hentry"],"_links":{"self":[{"href":"https:\/\/srva.info\/opentour25\/wp-json\/wp\/v2\/pages\/385","targetHints":{"allow":["GET"]}}],"collection":[{"href":"https:\/\/srva.info\/opentour25\/wp-json\/wp\/v2\/pages"}],"about":[{"href":"https:\/\/srva.info\/opentour25\/wp-json\/wp\/v2\/types\/page"}],"author":[{"embeddable":true,"href":"https:\/\/srva.info\/opentour25\/wp-json\/wp\/v2\/users\/1"}],"replies":[{"embeddable":true,"href":"https:\/\/srva.info\/opentour25\/wp-json\/wp\/v2\/comments?post=385"}],"version-history":[{"count":85,"href":"https:\/\/srva.info\/opentour25\/wp-json\/wp\/v2\/pages\/385\/revisions"}],"predecessor-version":[{"id":1183,"href":"https:\/\/srva.info\/opentour25\/wp-json\/wp\/v2\/pages\/385\/revisions\/1183"}],"wp:attachment":[{"href":"https:\/\/srva.info\/opentour25\/wp-json\/wp\/v2\/media?parent=385"}],"curies":[{"name":"wp","href":"https:\/\/api.w.org\/{rel}","templated":true}]}}